(-2).
-96
Let f(t) = -t**3 - 188*t**2 + 435*t + 10433. What is f(-190)?
-17
Let r(q) = -1195*q + 2300. Calculate r(2).
-90
Let w(l) = 880*l - 1756. Calculate w(2).
4
Let f(v) = -82*v**2 - 822*v - 13. Give f(-10).
7
Let a(h) = -17*h - 249. Give a(-15).
6
Let d(w) = 8*w + 198. Give d(-24).
6
Let k(q) = -q**3 - 22*q**2 + 26*q + 102. Give k(-23).
33
Let m(s) = 4*s - 171. What is m(42)?
-3
Let u(i) = -49*i + 295. Calculate u(5).
50
Let p(h) = 2848*h + 17094. What is p(-6)?
6
Let q(t) = t**3 - 65*t**2 + 129*t - 128. What is q(63)?
61
Let l(r) = 104*r + 54. Calculate l(-7).
-674
Let d(j) = -5*j**2 - 59*j + 4. Determine d(-15).
-236
Let q(p) = -p**2 - 50*p - 575. Calculate q(-9).
-206
Let r(p) = -p**3 + 17*p**2 - 27*p + 19. Calculate r(7).
320
Let w(l) = l**3 - 149*l**2 - 882*l - 7441. Calculate w(155).
-1
Let i(r) = -r**3 - 9*r**2 + 7*r + 31. Determine i(-9).
-32
Let z(q) = 49*q + 54. Calculate z(2).
152
Let g(l) = 5*l**3 - 2*l**2 - 14*l - 9. Determine g(5).
496
Let i(w) = -w**2 - 22*w + 89. Determine i(-24).
41
Let j(b) = -b**3 + 17*b**2 + 42*b + 353. Determine j(20).
-7
Let u(a) = -27*a**3 - 13*a**2 - 26*a - 12. What is u(-1)?
28
Let w(z) = -12*z - 272. Give w(-23).
4
Let x(h) = -49*h - 317. Calculate x(-9).
124
Let d(a) = -157*a + 13817. Give d(88).
1
Let j(h) = h**2 + 49*h + 351. Calculate j(-41).
23
Let p(i) = 5*i**2 - 36*i + 179. Determine p(6).
143
Let l(c) = 1485*c - 13372. Determine l(9).
-7
Let x(k) = 685*k + 24668. Determine x(-36).
8
Let o(y) = -y**3 - 13*y**2 - 83*y - 242. Give o(-6).
4
Let f(m) = m**3 + 24*m**2 + 76*m - 41. Calculate f(-20).
39
Let w(j) = 2*j**2 - 203*j - 1538. Give w(-7).
-19
Let b(z) = 3*z**3 + 27*z**2 - 213*z - 39. Give b(-14).
3
Let t(v) = 3*v**2 + 17*v - 3007. Calculate t(29).
9
Let o(q) = -q**3 - 142*q**2 - 4716*q + 80. Give o(-89).
-9
Let j(h) = -3*h**3 + 36*h**2 - 38*h + 53. Determine j(11).
-2
Let h(r) = r**3 + 59*r**2 + 108*r - 327. What is h(-57)?
15
Let v(c) = c**2 - 33*c + 126. Calculate v(29).
10
Let a(f) = f**3 + 2*f**2 - 11*f + 14. Give a(3).
26
Let q(b) = -b**3 - 8*b**2 + 5*b + 13. Give q(-5).
-87
Let y(z) = 20*z + 1322. Determine y(-77).
-218
Let z(t) = -5*t**3 - 4*t**2 - 48*t + 1. What is z(0)?
1
Let r(q) = 38*q**2 + 63*q - 131. Determine r(2).
147
Let k(n) = -n**3 - 37*n**2 + 36*n - 110. What is k(-38)?
-34
Let p(j) = -9*j - 393. Give p(-44).
3
Let b(c) = 7*c**2 - 26*c + 21. Calculate b(1).
2
Let d(l) = -2*l**3 + 44*l**2 - 55*l + 164. Determine d(21).
-109
Let d(c) = -6526*c - 58742. What is d(-9)?
-8
Let g(m) = -m**3 - 4*m**2 - 8*m + 8. Determine g(0).
8
Let z(f) = -f**3 + 3*f**2 - 22*f + 109. What is z(4)?
5
Let d(o) = -o**2 - 14*o + 46. Give d(-16).
14
Let n(t) = 17*t - 191. Give n(34).
387
Let w(y) = 46*y**2 - 336*y + 99. Determine w(7).
1
Let z(o) = -2*o**3 - 5*o**2 - 9*o - 3. Give z(-2).
11
Let n(t) = 5*t**2 + 4*t - 2. Give n(-2).
10
Let q(d) = -16*d**2 + 5*d + 11. Calculate q(2).
-43
Let w(n) = 10*n**2 - 4*n + 59. Give w(-6).
443
Let r(l) = -7*l**2 - 2*l - 7. Determine r(-5).
-172
Let y(n) = -n**3 - 18*n**2 + 16*n - 59. Calculate y(-19).
-2
Let z(n) = -2*n**3 - 33*n**2 - 32*n - 5. Give z(-16).
251
Let t(m) = -m**3 - 340*m**2 - 1676*m - 331. What is t(-335)?
4
Let t(n) = -2*n**3 + 788*n**2 - 791*n + 1956. Determine t(393).
-9
Let w(y) = -y**3 - 86*y**2 + 365*y - 17. Calculate w(4).
3
Let z(q) = 88*q**3 + q**2 - 3*q - 5. Give z(-1).
-89
Let w(h) = -25*h**2 - 196*h + 23. Calculate w(-8).
-9
Let l(k) = -3*k**3 - 83*k**2 + 19*k - 249. Calculate l(-28).
3
Let c(b) = 20*b**2 - 10*b - 69. Determine c(-4).
291
Let y(d) = 537*d - 3220. Give y(6).
2
Let h(q) = -q**2 - 45*q + 246. Give h(-50).
-4
Let t(n) = -n**3 + 68*n**2 - 137*n + 335. Calculate t(66).
5
Let a(u) = -6*u**2 + 99*u + 110. Calculate a(16).
158
Let o(z) = z**3 + 21*z**2 - 55*z + 101. Determine o(-24).
-307
Let r(j) = 2*j**2 + 58*j + 233. Calculate r(-6).
-43
Let j(f) = -f**3 + 10*f**2 + 23*f - 226. Determine j(10).
4
Let r(l) = -l**2 - 38*l + 192. Determine r(-37).
229
Let r(b) = -9*b + 664. Calculate r(76).
-20
Let d(w) = -2972*w + 14860. Calculate d(5).
0
Let t(q) = -5*q**2 + 80*q - 229. Calculate t(3).
-34
Let r(x) = 36*x**2 + 3186*x + 1591. What is r(-88)?
7
Let h(f) = -f**3 - 53*f**2 - f + 172. What is h(-53)?
225
Let g(p) = 6*p**2 - 2*p - 3. Determine g(-1).
5
Let m(c) = -2*c**2 + 29*c + 669. Calculate m(-12).
33
Let c(x) = -3*x**2 - 368*x + 131. What is c(-123)?
8
Let v(c) = -2*c**3 - 112*c**2 + 741*c - 195. Determine v(-62).
-9
Let f(v) = v**3 - 37*v**2 + 30*v + 140. What is f(36)?
-76
Let o(y) = -y**3 + 5*y**2 + 20*y - 6. What is o(5)?
94
Let j(g) = -g**3 + 8*g**2 + 4*g + 9. Determine j(6).
105
Let o(n) = -n**3 + 22*n**2 - 109*n. Determine o(8).
24
Let b(y) = -63*y**2 - y + 6. Determine b(0).
6
Let u(f) = -8*f**2 - 103*f - 12. Calculate u(-13).
-25
Let j(z) = z**2 - 721*z + 4293. Calculate j(6).
3
Let f(h) = 2*h**2 - 7*h + 31. Give f(7).
80
Let r(o) = -168*o - 2521. Calculate r(-15).
-1
Let r(k) = 1943*k - 1932. Determine r(1).
11
Let k(s) = 8*s**2 + 40*s + 108. Determine k(-3).
60
Let i(a) = -a**3 - 2*a**2 - 67. What is i(0)?
-67
Let t(h) = 2*h**3 - 12*h**2 + 46*h - 411. Determine t(8).
213
Let i(a) = 142*a + 8229. What is i(-58)?
-7
Let d(x) = x**3 + 9*x**2 - 329*x - 163. What is d(-23)?
-2
Let s(l) = -2*l**3 - 39*l**2 + 843*l + 32. Give s(13).
6
Let t(x) = -12*x**2 + 10*x + 38. What is t(-3)?
-100
Let l(p) = -325*p + 2206. What is l(6)?
256
Let n(h) = -h**3 + 5*h**2 + 4. Give n(5).
4
Let n(z) = -z**3 - 31*z**2 - 82*z + 54. What is n(-28)?
-2
Let n(g) = -2*g**2 - 422*g - 2. Give n(0).
-2
Let t(r) = -r**2 - 28*r + 45. Give t(-32).
-83
Let r(l) = 24*l**2 + 19*l + 6. Determine r(3).
279
Let j(y) = y**3 - 12*y**2 + 35*y - 273. Give j(11).
-9
Let l(n) = 12*n**2 + 86*n + 78. Calculate l(-6).
-6
Let n(r) = 6*r**2 - 19*r - 54. What is n(9)?
261
Let o(s) = 6*s**2 - 66*s - 48. Determine o(17).
564
Let l(g) = -2*g**3 - g**2 - 3*g - 13. Give l(-2).
5
Let u(w) = -4*w**2 - 12*w + 91. What is u(-6)?
19
Let h(q) = -q**3 + 65*q**2 - 182*q - 258. Give h(62).
-10
Let q(z) = z**2 - 14*z - 4. What is q(6)?
-52
Let k(r) = -r**2 - 1528*r + 26247. Give k(17).
-18
Let x(s) = -476*s + 19. Determine x(-1).
495
Let y(t) = -1426*t - 29937. Determine y(-21).
9
Let o(q) = 2*q**3 - 44*q**2 + 2*q + 7. Calculate o(22).
51
Let d(c) = 1966*c - 121898. What is d(62)?
-6
Let w(i) = 3*i**3 - 31*i**2 - 50*i + 72. Calculate w(11).
-236
Let f(g) = g**3 - 3*g**2 - 11*g + 41. Give f(3).
8
Let h(q) = 1708*q - 17084. Calculate h(10).
-4
Let j(h) = -3*h**3 - 511*h**2 + 348*h + 1032. Calculate j(-171).
6
Let y(l) = -l**3 - 24*l**2 - 107*l - 17. What is y(-8)?
-185
Let y(o) = 4*o**2 + 32*o - 28. What is y(-10)?
52
Let j(h) = -h**3 - 12*h**2 - 98*h - 768. What is j(-10)?
12
Let p(b) = -b**2 - 94*b - 1727. What is p(-25)?
-2
Let a(i) = 16*i**3 + 3*i**2 - 38*i - 85. What is a(-2)?
-125
Let g(v) = -v**3 + 48*v**2 + 57*v - 367. Give g(49).
25
Let p(q) = q**2 + 17*q + 37. Calculate p(-26).
271
Let b(z) = -5*z**3 - 11*z**2 + 12*z + 101. Calculate b(-6).
713
Let i(q) = q**2 - 6*q + 29. Determine i(7).
36
Let g(w) = 8*w**2 + 88*w + 88. Give g(-6).
-152
Let s(o) = o**3 - 8*o**2 - 20*o + 46. Calculate s(8).
-114
Let z(f) = 3*f**2 - 107*f + 37. Give z(35).
-33
Let x(o) = -3*o**3 - 12*o**2 - 15*o - 59. Give x(-4).
1
Let f(u) = -14*u**2 - 178*u - 16. Calculate f(-12).
104
Let d(m) = 2*m**3 - 11*m**2 - 18*m + 13. What is d(7)?
34
Let d(i) = -i**2 - 1657*i - 51996. Calculate d(-32).
4
Let t(a) = -348*a + 1772. Determine t(5).
32
Let t(f) = 5*f**2 + 738*f + 6632. Determine t(-138).
8
Let b(l) = l**2 - 5*l - 34. What is b(8)?
-10
Let n(c) = -3*c**3 - 21*c**2 + 16*c + 113. Give n(-7).
1
Let q(o) = 808*o + 4905. Calculate q(-6).
57
Let i(p) = -139*p - 1003. Give i(-8).
109
Let r(m) = -6*m**2 + 37*m + 5. Give r(6).
11
Let i(t) = -13*t - 401. Determine i(-42).
145
Let h(s) = 10*s**2 + 26*s + 48. Calculate h(-3).
60
Let r(k) = -1394*k + 12536. Give r(9).
-10
Let a(q) = 278*q**2 - 837*q + 3. Determine a(3).
-6
Let j(x) = x**3 + 42*x**2 + 39*x + 41. What is j(-41)?
123
Let j(v) = 1788*v - 26827. Calculate j(15).
-7
Let c(v) = -12*v + 12. What is c(2)?
-12
Let q(j) = -j**2 + 65*j - 636. Calculate q(53).
0
Let i(t) = 13*t + 55. Calculate i(0).
55
Let r(c) = -c**3 + 19*c**2 - 46*c + 129. Calculate r(